{"id":807,"date":"2020-10-18T18:25:23","date_gmt":"2020-10-18T16:25:23","guid":{"rendered":"http:\/\/somanimaanimal.org\/cat\/?page_id=807"},"modified":"2021-06-13T21:03:31","modified_gmt":"2021-06-13T19:03:31","slug":"receptes-de-cuina-vegana","status":"publish","type":"page","link":"https:\/\/somanimaanimal.org\/cat\/receptes-de-cuina-vegana\/","title":{"rendered":"Receptes de cuina vegana"},"content":{"rendered":"<h1>Productes vegans prop de casa<\/h1>\n<p>En <a href=\"https:\/\/somanimaanimal.org\/cat\/wp-content\/uploads\/sites\/4\/2020\/04\/CAT-Productes-Vegans-a-prop-de-casa.pdf\">aquest document<\/a> trobareu una guia per a localitzar productes vegans a la comarca del Maresme:<\/p>\n\n\n<div class=\"wp-block-image\"><figure class=\"aligncenter size-large\"><img loading=\"lazy\" decoding=\"async\" width=\"724\" height=\"1024\" src=\"https:\/\/somanimaanimal.org\/cat\/wp-content\/uploads\/sites\/4\/2020\/04\/CAT-Productes-Vegans-a-prop-de-casa-724x1024.jpg\" alt=\"\" class=\"wp-image-589\" srcset=\"https:\/\/somanimaanimal.org\/cat\/wp-content\/uploads\/sites\/4\/2020\/04\/CAT-Productes-Vegans-a-prop-de-casa-724x1024.jpg 724w, https:\/\/somanimaanimal.org\/cat\/wp-content\/uploads\/sites\/4\/2020\/04\/CAT-Productes-Vegans-a-prop-de-casa-212x300.jpg 212w, https:\/\/somanimaanimal.org\/cat\/wp-content\/uploads\/sites\/4\/2020\/04\/CAT-Productes-Vegans-a-prop-de-casa-768x1086.jpg 768w, https:\/\/somanimaanimal.org\/cat\/wp-content\/uploads\/sites\/4\/2020\/04\/CAT-Productes-Vegans-a-prop-de-casa-1086x1536.jpg 1086w, https:\/\/somanimaanimal.org\/cat\/wp-content\/uploads\/sites\/4\/2020\/04\/CAT-Productes-Vegans-a-prop-de-casa.jpg 1431w\" sizes=\"auto, (max-width: 724px) 100vw, 724px\" \/><\/figure><\/div>\n\n\n\n<p><\/p>\n\n\n\n<h2 class=\"wp-block-heading\">Entrepans vegans<\/h2>\n\n\n\n<p>I <a href=\"https:\/\/somanimaanimal.org\/cat\/wp-content\/uploads\/sites\/4\/2020\/04\/Lista-bocadillos-dulces-salados.pdf\">aqu\u00ed<\/a> trobareu tot d&#8217;idees per a fer deliciosos entrepans vegans:<\/p>\n\n\n\n<div class=\"wp-block-image\"><figure class=\"aligncenter size-large\"><img loading=\"lazy\" decoding=\"async\" width=\"727\" height=\"1024\" src=\"https:\/\/somanimaanimal.org\/cat\/wp-content\/uploads\/sites\/4\/2020\/04\/Lista-bocadillos-dulces-salados-727x1024.jpg\" alt=\"\" class=\"wp-image-592\" srcset=\"https:\/\/somanimaanimal.org\/cat\/wp-content\/uploads\/sites\/4\/2020\/04\/Lista-bocadillos-dulces-salados-727x1024.jpg 727w, https:\/\/somanimaanimal.org\/cat\/wp-content\/uploads\/sites\/4\/2020\/04\/Lista-bocadillos-dulces-salados-213x300.jpg 213w, https:\/\/somanimaanimal.org\/cat\/wp-content\/uploads\/sites\/4\/2020\/04\/Lista-bocadillos-dulces-salados-768x1081.jpg 768w, https:\/\/somanimaanimal.org\/cat\/wp-content\/uploads\/sites\/4\/2020\/04\/Lista-bocadillos-dulces-salados-1091x1536.jpg 1091w, https:\/\/somanimaanimal.org\/cat\/wp-content\/uploads\/sites\/4\/2020\/04\/Lista-bocadillos-dulces-salados-1454x2048.jpg 1454w, https:\/\/somanimaanimal.org\/cat\/wp-content\/uploads\/sites\/4\/2020\/04\/Lista-bocadillos-dulces-salados-scaled.jpg 1818w\" sizes=\"auto, (max-width: 727px) 100vw, 727px\" \/><\/figure><\/div>\n\n\n\n<h2 class=\"wp-block-heading\">P\u00e0gines de receptes veganes<\/h2>\n\n\n\n<p>A m\u00e9s, hi ha un munt de p\u00e0gines web on trobareu infinitat de receptes per a que mai us faltin idees per elaborar \u00e0pats vegans equilibrats, variats i bon\u00edssims:<\/p>\n\n\n\n<ul class=\"wp-block-list\"><li><a href=\"https:\/\/cuinarxcuidar.com\/\">Cuinar x cuidar<\/a><\/li><li><a href=\"https:\/\/danzadefogones.com\/\">Danza de fogones<\/a><\/li><li><a href=\"https:\/\/beginveganbegun.es\/\">Begin vegan begun<\/a><\/li><li><a href=\"https:\/\/delantaldealces.com\/\">Delantal de alces<\/a><\/li><li><a href=\"https:\/\/recetasveganas.net\/\">Mis recetas veganas<\/a><\/li><\/ul>\n","protected":false},"excerpt":{"rendered":"<p>Productes vegans prop de casa En aquest document trobareu una guia per a localitzar productes vegans a la comarca del Maresme: Entrepans vegans I aqu\u00ed trobareu tot d&#8217;idees per a fer deliciosos entrepans vegans: P\u00e0gines de receptes veganes A m\u00e9s, hi ha un munt de p\u00e0gines web on trobareu infinitat de receptes per a que &hellip; <a href=\"https:\/\/somanimaanimal.org\/cat\/receptes-de-cuina-vegana\/\" class=\"more-link\">Continua la lectura de <span class=\"screen-reader-text\">Receptes de cuina vegana<\/span> <span class=\"meta-nav\">&rarr;<\/span><\/a><\/p>\n","protected":false},"author":1,"featured_media":0,"parent":0,"menu_order":0,"comment_status":"closed","ping_status":"closed","template":"","meta":{"footnotes":""},"class_list":["post-807","page","type-page","status-publish","hentry"],"_links":{"self":[{"href":"https:\/\/somanimaanimal.org\/cat\/wp-json\/wp\/v2\/pages\/807","targetHints":{"allow":["GET"]}}],"collection":[{"href":"https:\/\/somanimaanimal.org\/cat\/wp-json\/wp\/v2\/pages"}],"about":[{"href":"https:\/\/somanimaanimal.org\/cat\/wp-json\/wp\/v2\/types\/page"}],"author":[{"embeddable":true,"href":"https:\/\/somanimaanimal.org\/cat\/wp-json\/wp\/v2\/users\/1"}],"replies":[{"embeddable":true,"href":"https:\/\/somanimaanimal.org\/cat\/wp-json\/wp\/v2\/comments?post=807"}],"version-history":[{"count":2,"href":"https:\/\/somanimaanimal.org\/cat\/wp-json\/wp\/v2\/pages\/807\/revisions"}],"predecessor-version":[{"id":1035,"href":"https:\/\/somanimaanimal.org\/cat\/wp-json\/wp\/v2\/pages\/807\/revisions\/1035"}],"wp:attachment":[{"href":"https:\/\/somanimaanimal.org\/cat\/wp-json\/wp\/v2\/media?parent=807"}],"curies":[{"name":"wp","href":"https:\/\/api.w.org\/{rel}","templated":true}]}}